{"id":25,"date":"2025-12-08T16:02:21","date_gmt":"2025-12-08T19:02:21","guid":{"rendered":"http:\/\/nancyzunino.com\/?page_id=25"},"modified":"2026-02-03T10:11:16","modified_gmt":"2026-02-03T13:11:16","slug":"blog-de-viajes","status":"publish","type":"page","link":"https:\/\/nancyzunino.com\/index.php\/blog-de-viajes\/","title":{"rendered":"Blog de Viajes"},"content":{"rendered":"\t\t<div data-elementor-type=\"wp-page\" data-elementor-id=\"25\" class=\"elementor elementor-25\" data-elementor-post-type=\"page\">\n\t\t\t\t<div class=\"elementor-element elementor-element-8adeaf5 e-flex e-con-boxed e-con e-parent\" data-id=\"8adeaf5\" data-element_type=\"container\" data-e-type=\"container\">\n\t\t\t\t\t<div class=\"e-con-inner\">\n\t\t<div class=\"elementor-element elementor-element-f6f6980 e-con-full e-flex e-con e-child\" data-id=\"f6f6980\" data-element_type=\"container\" data-e-type=\"container\">\n\t\t\t\t<div class=\"elementor-element elementor-element-abca1aa elementor-widget elementor-widget-image\" data-id=\"abca1aa\" data-element_type=\"widget\" data-e-type=\"widget\" data-widget_type=\"image.default\">\n\t\t\t\t\t\t\t\t\t\t\t\t\t\t\t<img decoding=\"async\" src=\"https:\/\/nancyzunino.com\/wp-content\/uploads\/2025\/12\/elice-01-01-e1770123760430.png\" title=\"elice-01-01\" alt=\"elice-01-01\" loading=\"lazy\" \/>\t\t\t\t\t\t\t\t\t\t\t\t\t\t\t<\/div>\n\t\t\t\t<\/div>\n\t\t\t\t<div class=\"elementor-element elementor-element-5e31196 elementor-widget elementor-widget-heading\" data-id=\"5e31196\" data-element_type=\"widget\" data-e-type=\"widget\" data-widget_type=\"heading.default\">\n\t\t\t\t\t<h2 class=\"elementor-heading-title elementor-size-default\">CADA LUGAR CUENTA UNA HISTORIA<\/h2>\t\t\t\t<\/div>\n\t\t\t\t<div class=\"elementor-element elementor-element-ab037d8 elementor-widget-divider--view-line elementor-widget elementor-widget-divider\" data-id=\"ab037d8\" data-element_type=\"widget\" data-e-type=\"widget\" data-widget_type=\"divider.default\">\n\t\t\t\t\t\t\t<div class=\"elementor-divider\">\n\t\t\t<span class=\"elementor-divider-separator\">\n\t\t\t\t\t\t<\/span>\n\t\t<\/div>\n\t\t\t\t\t\t<\/div>\n\t\t\t\t\t<\/div>\n\t\t\t\t<\/div>\n\t\t<div class=\"elementor-element elementor-element-06429b3 e-flex e-con-boxed e-con e-parent\" data-id=\"06429b3\" data-element_type=\"container\" data-e-type=\"container\">\n\t\t\t\t\t<div class=\"e-con-inner\">\n\t\t\t\t<div class=\"elementor-element elementor-element-0053960 elementor-grid-3 elementor-grid-tablet-2 elementor-grid-mobile-1 elementor-posts--thumbnail-top elementor-posts--show-avatar elementor-card-shadow-yes elementor-posts__hover-gradient elementor-widget elementor-widget-posts\" data-id=\"0053960\" data-element_type=\"widget\" data-e-type=\"widget\" data-settings=\"{&quot;cards_columns&quot;:&quot;3&quot;,&quot;cards_columns_tablet&quot;:&quot;2&quot;,&quot;cards_columns_mobile&quot;:&quot;1&quot;,&quot;cards_row_gap&quot;:{&quot;unit&quot;:&quot;px&quot;,&quot;size&quot;:35,&quot;sizes&quot;:[]},&quot;cards_row_gap_tablet&quot;:{&quot;unit&quot;:&quot;px&quot;,&quot;size&quot;:&quot;&quot;,&quot;sizes&quot;:[]},&quot;cards_row_gap_mobile&quot;:{&quot;unit&quot;:&quot;px&quot;,&quot;size&quot;:&quot;&quot;,&quot;sizes&quot;:[]}}\" data-widget_type=\"posts.cards\">\n\t\t\t\t<div class=\"elementor-widget-container\">\n\t\t\t\t\t\t\t<div class=\"elementor-posts-container elementor-posts elementor-posts--skin-cards elementor-grid\" role=\"list\">\n\t\t\t\t<article class=\"elementor-post elementor-grid-item post-2625 post type-post status-publish format-standard has-post-thumbnail hentry category-blogdeviaje\" role=\"listitem\">\n\t\t\t<div class=\"elementor-post__card\">\n\t\t\t\t<a class=\"elementor-post__thumbnail__link\" href=\"https:\/\/nancyzunino.com\/index.php\/2026\/02\/04\/una-vida-guiada-por-el-viento-copy-1575\/\" tabindex=\"-1\" ><div class=\"elementor-post__thumbnail\"><img decoding=\"async\" width=\"300\" height=\"139\" src=\"https:\/\/nancyzunino.com\/wp-content\/uploads\/2026\/02\/20260129_070500-300x139.jpg\" class=\"attachment-medium size-medium wp-image-2630\" alt=\"\" srcset=\"https:\/\/nancyzunino.com\/wp-content\/uploads\/2026\/02\/20260129_070500-300x139.jpg 300w, https:\/\/nancyzunino.com\/wp-content\/uploads\/2026\/02\/20260129_070500-1024x473.jpg 1024w, https:\/\/nancyzunino.com\/wp-content\/uploads\/2026\/02\/20260129_070500-768x355.jpg 768w, https:\/\/nancyzunino.com\/wp-content\/uploads\/2026\/02\/20260129_070500-1536x710.jpg 1536w, https:\/\/nancyzunino.com\/wp-content\/uploads\/2026\/02\/20260129_070500-2048x946.jpg 2048w, https:\/\/nancyzunino.com\/wp-content\/uploads\/2026\/02\/20260129_070500-scaled-e1770294277136.jpg 1080w\" sizes=\"(max-width: 300px) 100vw, 300px\" \/><\/div><\/a>\n\t\t\t\t<div class=\"elementor-post__badge\">Blogdeviaje<\/div>\n\t\t\t\t<div class=\"elementor-post__avatar\">\n\t\t\t<img decoding=\"async\" src=\"https:\/\/nancyzunino.com\/wp-content\/uploads\/2026\/01\/nancy-avatar-150x150.jpeg\" width=\"128\" height=\"128\" srcset=\"https:\/\/nancyzunino.com\/wp-content\/uploads\/2026\/01\/nancy-avatar.jpeg 2x\" alt=\"Nancy Zunino\" class=\"avatar avatar-128 wp-user-avatar wp-user-avatar-128 alignnone photo\" \/>\t\t<\/div>\n\t\t\t\t<div class=\"elementor-post__text\">\n\t\t\t\t<h3 class=\"elementor-post__title\">\n\t\t\t<a href=\"https:\/\/nancyzunino.com\/index.php\/2026\/02\/04\/una-vida-guiada-por-el-viento-copy-1575\/\" >\n\t\t\t\tRuta 1 Camino de la Costa\t\t\t<\/a>\n\t\t<\/h3>\n\t\t\t\t<div class=\"elementor-post__excerpt\">\n\t\t\t<p>Provincia de Rio Negro, Argentina<\/p>\n\t\t<\/div>\n\t\t\n\t\t<a class=\"elementor-post__read-more\" href=\"https:\/\/nancyzunino.com\/index.php\/2026\/02\/04\/una-vida-guiada-por-el-viento-copy-1575\/\" aria-label=\"Read more about Ruta 1 Camino de la Costa\" tabindex=\"-1\" >\n\t\t\tRead More \u00bb\t\t<\/a>\n\n\t\t\t\t<\/div>\n\t\t\t\t<div class=\"elementor-post__meta-data\">\n\t\t\t\t\t<span class=\"elementor-post-date\">\n\t\t\t4 febrero, 2026\t\t<\/span>\n\t\t\t\t<span class=\"elementor-post-avatar\">\n\t\t\tNo hay comentarios\t\t<\/span>\n\t\t\t\t<\/div>\n\t\t\t\t\t<\/div>\n\t\t<\/article>\n\t\t\t\t<article class=\"elementor-post elementor-grid-item post-1575 post type-post status-publish format-standard has-post-thumbnail hentry category-blogdeviaje\" role=\"listitem\">\n\t\t\t<div class=\"elementor-post__card\">\n\t\t\t\t<a class=\"elementor-post__thumbnail__link\" href=\"https:\/\/nancyzunino.com\/index.php\/2026\/01\/10\/cuando-el-oro-llego-navegando-copy-1540\/\" tabindex=\"-1\" ><div class=\"elementor-post__thumbnail\"><img fetchpriority=\"high\" decoding=\"async\" width=\"300\" height=\"199\" src=\"https:\/\/nancyzunino.com\/wp-content\/uploads\/2026\/01\/SV400034-300x199.jpg\" class=\"attachment-medium size-medium wp-image-1581\" alt=\"\" srcset=\"https:\/\/nancyzunino.com\/wp-content\/uploads\/2026\/01\/SV400034-300x199.jpg 300w, https:\/\/nancyzunino.com\/wp-content\/uploads\/2026\/01\/SV400034-1024x678.jpg 1024w, https:\/\/nancyzunino.com\/wp-content\/uploads\/2026\/01\/SV400034-768x508.jpg 768w, https:\/\/nancyzunino.com\/wp-content\/uploads\/2026\/01\/SV400034-1536x1017.jpg 1536w, https:\/\/nancyzunino.com\/wp-content\/uploads\/2026\/01\/SV400034-2048x1356.jpg 2048w, https:\/\/nancyzunino.com\/wp-content\/uploads\/2026\/01\/SV400034-e1770066003759.jpg 1080w\" sizes=\"(max-width: 300px) 100vw, 300px\" \/><\/div><\/a>\n\t\t\t\t<div class=\"elementor-post__badge\">Blogdeviaje<\/div>\n\t\t\t\t<div class=\"elementor-post__avatar\">\n\t\t\t<img decoding=\"async\" src=\"https:\/\/nancyzunino.com\/wp-content\/uploads\/2026\/01\/nancy-avatar-150x150.jpeg\" width=\"128\" height=\"128\" srcset=\"https:\/\/nancyzunino.com\/wp-content\/uploads\/2026\/01\/nancy-avatar.jpeg 2x\" alt=\"Nancy Zunino\" class=\"avatar avatar-128 wp-user-avatar wp-user-avatar-128 alignnone photo\" \/>\t\t<\/div>\n\t\t\t\t<div class=\"elementor-post__text\">\n\t\t\t\t<h3 class=\"elementor-post__title\">\n\t\t\t<a href=\"https:\/\/nancyzunino.com\/index.php\/2026\/01\/10\/cuando-el-oro-llego-navegando-copy-1540\/\" >\n\t\t\t\tUna vida guiada por el viento\t\t\t<\/a>\n\t\t<\/h3>\n\t\t\t\t<div class=\"elementor-post__excerpt\">\n\t\t\t<p>20 a\u00f1os viviendo a bordo.<\/p>\n\t\t<\/div>\n\t\t\n\t\t<a class=\"elementor-post__read-more\" href=\"https:\/\/nancyzunino.com\/index.php\/2026\/01\/10\/cuando-el-oro-llego-navegando-copy-1540\/\" aria-label=\"Read more about Una vida guiada por el viento\" tabindex=\"-1\" >\n\t\t\tRead More \u00bb\t\t<\/a>\n\n\t\t\t\t<\/div>\n\t\t\t\t<div class=\"elementor-post__meta-data\">\n\t\t\t\t\t<span class=\"elementor-post-date\">\n\t\t\t10 enero, 2026\t\t<\/span>\n\t\t\t\t<span class=\"elementor-post-avatar\">\n\t\t\tNo hay comentarios\t\t<\/span>\n\t\t\t\t<\/div>\n\t\t\t\t\t<\/div>\n\t\t<\/article>\n\t\t\t\t<article class=\"elementor-post elementor-grid-item post-1540 post type-post status-publish format-standard has-post-thumbnail hentry category-blogdeviaje\" role=\"listitem\">\n\t\t\t<div class=\"elementor-post__card\">\n\t\t\t\t<a class=\"elementor-post__thumbnail__link\" href=\"https:\/\/nancyzunino.com\/index.php\/2026\/01\/10\/catedrales-bajo-tierra-copy-1517\/\" tabindex=\"-1\" ><div class=\"elementor-post__thumbnail\"><img loading=\"lazy\" decoding=\"async\" width=\"300\" height=\"223\" src=\"https:\/\/nancyzunino.com\/wp-content\/uploads\/2026\/01\/15-300x223.jpg\" class=\"attachment-medium size-medium wp-image-1544\" alt=\"\" srcset=\"https:\/\/nancyzunino.com\/wp-content\/uploads\/2026\/01\/15-300x223.jpg 300w, https:\/\/nancyzunino.com\/wp-content\/uploads\/2026\/01\/15-1024x760.jpg 1024w, https:\/\/nancyzunino.com\/wp-content\/uploads\/2026\/01\/15-768x570.jpg 768w, https:\/\/nancyzunino.com\/wp-content\/uploads\/2026\/01\/15-1536x1141.jpg 1536w, https:\/\/nancyzunino.com\/wp-content\/uploads\/2026\/01\/15-2048x1521.jpg 2048w, https:\/\/nancyzunino.com\/wp-content\/uploads\/2026\/01\/15-e1770066315525.jpg 1080w\" sizes=\"(max-width: 300px) 100vw, 300px\" \/><\/div><\/a>\n\t\t\t\t<div class=\"elementor-post__badge\">Blogdeviaje<\/div>\n\t\t\t\t<div class=\"elementor-post__avatar\">\n\t\t\t<img decoding=\"async\" src=\"https:\/\/nancyzunino.com\/wp-content\/uploads\/2026\/01\/nancy-avatar-150x150.jpeg\" width=\"128\" height=\"128\" srcset=\"https:\/\/nancyzunino.com\/wp-content\/uploads\/2026\/01\/nancy-avatar.jpeg 2x\" alt=\"Nancy Zunino\" class=\"avatar avatar-128 wp-user-avatar wp-user-avatar-128 alignnone photo\" \/>\t\t<\/div>\n\t\t\t\t<div class=\"elementor-post__text\">\n\t\t\t\t<h3 class=\"elementor-post__title\">\n\t\t\t<a href=\"https:\/\/nancyzunino.com\/index.php\/2026\/01\/10\/catedrales-bajo-tierra-copy-1517\/\" >\n\t\t\t\tCuando el oro llego Navegando\t\t\t<\/a>\n\t\t<\/h3>\n\t\t\t\t<div class=\"elementor-post__excerpt\">\n\t\t\t<p>Olimpiadas 2016 desde el agua abordo de El Arca<\/p>\n\t\t<\/div>\n\t\t\n\t\t<a class=\"elementor-post__read-more\" href=\"https:\/\/nancyzunino.com\/index.php\/2026\/01\/10\/catedrales-bajo-tierra-copy-1517\/\" aria-label=\"Read more about Cuando el oro llego Navegando\" tabindex=\"-1\" >\n\t\t\tRead More \u00bb\t\t<\/a>\n\n\t\t\t\t<\/div>\n\t\t\t\t<div class=\"elementor-post__meta-data\">\n\t\t\t\t\t<span class=\"elementor-post-date\">\n\t\t\t10 enero, 2026\t\t<\/span>\n\t\t\t\t<span class=\"elementor-post-avatar\">\n\t\t\tNo hay comentarios\t\t<\/span>\n\t\t\t\t<\/div>\n\t\t\t\t\t<\/div>\n\t\t<\/article>\n\t\t\t\t<article class=\"elementor-post elementor-grid-item post-1517 post type-post status-publish format-standard has-post-thumbnail hentry category-blogdeviaje\" role=\"listitem\">\n\t\t\t<div class=\"elementor-post__card\">\n\t\t\t\t<a class=\"elementor-post__thumbnail__link\" href=\"https:\/\/nancyzunino.com\/index.php\/2026\/01\/09\/120-segundos-grabados-por-un-dron-copy-679\/\" tabindex=\"-1\" ><div class=\"elementor-post__thumbnail\"><img loading=\"lazy\" decoding=\"async\" width=\"300\" height=\"193\" src=\"https:\/\/nancyzunino.com\/wp-content\/uploads\/2025\/12\/Captura-de-pantalla-2026-01-08-183302-300x193.jpg\" class=\"attachment-medium size-medium wp-image-1478\" alt=\"\" srcset=\"https:\/\/nancyzunino.com\/wp-content\/uploads\/2025\/12\/Captura-de-pantalla-2026-01-08-183302-300x193.jpg 300w, https:\/\/nancyzunino.com\/wp-content\/uploads\/2025\/12\/Captura-de-pantalla-2026-01-08-183302-1024x658.jpg 1024w, https:\/\/nancyzunino.com\/wp-content\/uploads\/2025\/12\/Captura-de-pantalla-2026-01-08-183302-768x493.jpg 768w, https:\/\/nancyzunino.com\/wp-content\/uploads\/2025\/12\/Captura-de-pantalla-2026-01-08-183302.jpg 1295w\" sizes=\"(max-width: 300px) 100vw, 300px\" \/><\/div><\/a>\n\t\t\t\t<div class=\"elementor-post__badge\">Blogdeviaje<\/div>\n\t\t\t\t<div class=\"elementor-post__avatar\">\n\t\t\t<img decoding=\"async\" src=\"https:\/\/nancyzunino.com\/wp-content\/uploads\/2026\/01\/nancy-avatar-150x150.jpeg\" width=\"128\" height=\"128\" srcset=\"https:\/\/nancyzunino.com\/wp-content\/uploads\/2026\/01\/nancy-avatar.jpeg 2x\" alt=\"Nancy Zunino\" class=\"avatar avatar-128 wp-user-avatar wp-user-avatar-128 alignnone photo\" \/>\t\t<\/div>\n\t\t\t\t<div class=\"elementor-post__text\">\n\t\t\t\t<h3 class=\"elementor-post__title\">\n\t\t\t<a href=\"https:\/\/nancyzunino.com\/index.php\/2026\/01\/09\/120-segundos-grabados-por-un-dron-copy-679\/\" >\n\t\t\t\tCatedrales bajo tierra.\t\t\t<\/a>\n\t\t<\/h3>\n\t\t\t\t<div class=\"elementor-post__excerpt\">\n\t\t\t<p>NOTA WEEKEND CATEDRALES BAJO TIERRA Hubo un tiempo en el que cre\u00ed que viajar era irse.Hoy s\u00e9 que viajar es quedarse donde uno est\u00e1, con<\/p>\n\t\t<\/div>\n\t\t\n\t\t<a class=\"elementor-post__read-more\" href=\"https:\/\/nancyzunino.com\/index.php\/2026\/01\/09\/120-segundos-grabados-por-un-dron-copy-679\/\" aria-label=\"Read more about Catedrales bajo tierra.\" tabindex=\"-1\" >\n\t\t\tRead More \u00bb\t\t<\/a>\n\n\t\t\t\t<\/div>\n\t\t\t\t<div class=\"elementor-post__meta-data\">\n\t\t\t\t\t<span class=\"elementor-post-date\">\n\t\t\t9 enero, 2026\t\t<\/span>\n\t\t\t\t<span class=\"elementor-post-avatar\">\n\t\t\tNo hay comentarios\t\t<\/span>\n\t\t\t\t<\/div>\n\t\t\t\t\t<\/div>\n\t\t<\/article>\n\t\t\t\t<\/div>\n\t\t\n\t\t\t\t\t\t<\/div>\n\t\t\t\t<\/div>\n\t\t\t\t\t<\/div>\n\t\t\t\t<\/div>\n\t\t\t\t<\/div>\n\t\t","protected":false},"excerpt":{"rendered":"<p>CADA LUGAR CUENTA UNA HISTORIA<\/p>\n","protected":false},"author":1,"featured_media":0,"parent":0,"menu_order":0,"comment_status":"open","ping_status":"closed","template":"","meta":{"footnotes":""},"class_list":["post-25","page","type-page","status-publish","hentry"],"_links":{"self":[{"href":"https:\/\/nancyzunino.com\/index.php\/wp-json\/wp\/v2\/pages\/25","targetHints":{"allow":["GET"]}}],"collection":[{"href":"https:\/\/nancyzunino.com\/index.php\/wp-json\/wp\/v2\/pages"}],"about":[{"href":"https:\/\/nancyzunino.com\/index.php\/wp-json\/wp\/v2\/types\/page"}],"author":[{"embeddable":true,"href":"https:\/\/nancyzunino.com\/index.php\/wp-json\/wp\/v2\/users\/1"}],"replies":[{"embeddable":true,"href":"https:\/\/nancyzunino.com\/index.php\/wp-json\/wp\/v2\/comments?post=25"}],"version-history":[{"count":43,"href":"https:\/\/nancyzunino.com\/index.php\/wp-json\/wp\/v2\/pages\/25\/revisions"}],"predecessor-version":[{"id":2621,"href":"https:\/\/nancyzunino.com\/index.php\/wp-json\/wp\/v2\/pages\/25\/revisions\/2621"}],"wp:attachment":[{"href":"https:\/\/nancyzunino.com\/index.php\/wp-json\/wp\/v2\/media?parent=25"}],"curies":[{"name":"wp","href":"https:\/\/api.w.org\/{rel}","templated":true}]}}